 - 5*n + 205, 3*b = -0*n + 5*n + 123. What is the greatest common factor of b and 164?
41
Suppose 0 = 7*z - 11*z. Suppose 20 = 4*t - z*t. Calculate the greatest common divisor of t and 25.
5
Let h be (-30)/(-4)*(-6)/(-9). Suppose -136 = -h*c + 44. What is the highest common divisor of c and 12?
12
Let w(n) = -6*n**2 - 3*n + 6. Let b(c) = -c**2 - 1. Let p(r) = 5*b(r) - w(r). Let m be p(-11). What is the highest common divisor of 7 and m?
7
Let b be (-144)/90*2*-15. Calculate the greatest common factor of b and 496.
16
Let r = -183 + 237. What is the greatest common factor of r and 18?
18
Let w(c) = -c**3 - 9*c**2 - c + 13. Let i be w(-9). Calculate the highest common factor of 77 and i.
11
Suppose -86 - 10 = -3*o - 2*p, 3*o - 5*p = 96. What is the greatest common divisor of o and 288?
32
Suppose 3*l = 2*n - 81 - 80, -6 = 2*l. What is the greatest common factor of 114 and n?
38
Let v = -208 + 229. Calculate the greatest common divisor of 210 and v.
21
Suppose -3*h + 3*o + 41 = -o, -5*h + 5*o = -75. Calculate the greatest common divisor of h and 38.
19
Let t(u) = u**3 + 14*u**2 + 20*u + 25. Let b be t(-13). Let n = -17 - b. Calculate the greatest common factor of n and 7.
7
Let d be (18 - (0 + -2)) + 0. Suppose -24*p = -d*p. Suppose -4*b = -2*y - 264, p = 4*y - 5*y. What is the highest common factor of b and 99?
33
Let x(u) be the first derivative of -u**2/2 + 5*u - 15. Let d be x(0). Calculate the greatest common divisor of d and 1.
1
Let m = 23 + 43. Calculate the highest common divisor of 12 and m.
6
Suppose -f = -2*w + 802, -16*w = -20*w + 4*f + 1612. What is the highest common factor of w and 42?
21
Let q be (-6 - -224) + -2*1. Let n(d) = 28*d**2 - 1. Let g be n(-1). Calculate the highest common divisor of g and q.
27
Suppose -5*d = -20, 20 = -2*j + 5*d - 0*d. Suppose 4*k - 94 = -5*s, j = 3*s + 2*k - 6 - 50. What is the greatest common divisor of s and 45?
9
Let t = 28 + -8. Suppose -n - 3*w = -t, -5*n + 5*w + 101 + 99 = 0. What is the greatest common factor of n and 7?
7
Let j = -12 + 13. Suppose o = -3*k + 6, 2*k - j = 2*o + 3. Suppose 121 = 4*h - k*t - 559, -5*t + 10 = 0. What is the greatest common factor of 19 and h?
19
Suppose -59*j + 994 = -58*j. Calculate the highest common divisor of 14 and j.
14
Let p be (3*-1)/(8/(-112)). Let a be (-18)/(-4)*1*14. What is the highest common factor of p and a?
21
Suppose -4*k + 5*a + 21 = 0, 4*k + 0*a = 2*a + 18. Let d(u) = -k*u + 5*u + 3*u - 30. Let v be d(13). What is the highest common divisor of 55 and v?
11
Let b = 357 + -241. Calculate the highest common divisor of b and 29.
29
Let m be 1/(15/(-20))*(-42)/4. Calculate the greatest common divisor of 26 and m.
2
Let d(q) = q**3 + 42*q**2 + 39*q + 3. Let v be d(-41). Calculate the highest common factor of 136 and v.
17
Suppose -4*r + 24 + 8 = 0. Let v be r/(-2)*110/(-4). Let g(i) = -9*i**3 + i**2. Let d be g(-1). Calculate the highest common divisor of v and d.
10
Let f be (-6930)/28*(-8)/10. Suppose 6*z = 4*z + f. Calculate the highest common factor of z and 9.
9
Suppose 3*j - 3*w = 27, 2*j + 5*w = 3*j + 3. Suppose -3*o = -j - 48. What is the highest common divisor of 50 and o?
10
Suppose -4*b - 42 = -3*q, 3*q - 4*q = -3*b - 14. Calculate the highest common factor of q and 17.
1
Let a be (-2)/(((-36)/15)/6). Let p = a + 7. What is the greatest common factor of p and 96?
12
Let m be -2*5778/(-84) + 3/7. What is the highest common factor of m and 18?
6
Suppose 497 = 9*v - 7981. Calculate the highest common factor of v and 6.
6
Let u = 257 - 231. Suppose 5*k - 139 = 76. Suppose 35 = y - k. Calculate the highest common factor of u and y.
26
Let j be (455/20)/(4 - 316/80). What is the greatest common divisor of 39 and j?
13
Let u be 7/(-21) + (-16641)/(-27). Calculate the highest common divisor of u and 11.
11
Let x(v) = 10*v - 56. Let w be x(14). Suppose -89*h + w*h = -215. Calculate the greatest common divisor of h and 215.
43
Let m = 14 + -7. Let x be 11 + (-4 - (3 - m)). Calculate the highest common factor of x and 22.
11
Let y = 178 - 168. Calculate the greatest common factor of y and 80.
10
Let k(u) = 15 + 8 + 3 - 2*u. Let s be k(11). Let i be 4*(7 - s)/3. What is the highest common divisor of i and 10?
2
Suppose -37*d = 213 - 1064. Calculate the greatest common factor of 667 and d.
23
Let p be (-962)/(-8) - (-7)/((-84)/15). What is the highest common divisor of p and 85?
17
Suppose 13*a + 5*x = 9*a + 1297, 0 = 2*a - 3*x - 643. Calculate the greatest common factor of 17 and a.
17
Suppose 69*g = 65*g + 104. What is the greatest common divisor of g and 39?
13
Let f(l) = l**2 + 12*l + 14. Let v be f(-10). Let s = -3 - v. Suppose 5*i = 3*u - 0*u - 235, -230 = -s*u + 4*i. Calculate the highest common factor of 10 and u.
10
Let r = 93 - 1. What is the highest common factor of r and 161?
23
Let z be 260 - (5 - 3/(-1)). Calculate the greatest common divisor of 54 and z.
18
Let a(v) = -27*v - 21*v + 14 - 26. Let p be a(-4). Calculate the greatest common factor of 20 and p.
20
Let u be 406 + (-2)/(-2 + 4). Suppose -13*w - u = -16*w. What is the greatest common factor of w and 15?
15
Let n(o) = -o**3 - 33*o**2 - 36*o - 26. Let v be n(-32). Calculate the greatest common factor of v and 34.
34
Let w = 9 + -7. Suppose -w*r - r = 6. Let n be ((-1)/(-2))/(r/(-240)). What is the greatest common factor of n and 15?
15
Let d be ((-20)/(-6))/((-6)/(-9)). Suppose -b + 3 = -d*a + 1, -3*b + a - 64 = 0. Let w = -15 - b. What is the greatest common factor of w and 24?
8
Let m(t) = 10*t**2 + 42*t - 13. Let c be m(-5). What is the greatest common divisor of c and 18?
9
Suppose -2*k - 3*o = -5, -2*k + 2*o + 2*o + 12 = 0. Suppose 26 = k*i - 4*b - 94, 114 = 4*i + 2*b. What is the highest common divisor of 145 and i?
29
Suppose 0 = -22*v + 6*v + 160. Suppose -v*k + 558 = -242. What is the highest common divisor of k and 48?
16
Let w(i) = -3*i**2 - 90*i + 45. Let u be w(-23). Calculate the greatest common divisor of u and 33.
33
Let g = 64 - 39. Suppose -v + q = -6*v - 360, -3*q = -3*v - 234. Let n = v - -123. What is the greatest common factor of g and n?
25
Let h = 48 - -36. Let o be 4 + (-1 - (-4 - -1)). Let i(q) = 2*q**2 - 9*q + 10. Let v be i(o). Calculate the highest common factor of v and h.
28
Suppose 6*r = 27*r - 19845. Calculate the greatest common divisor of 27 and r.
27
Let a = -10 - -16. Let b be 155/10 - (-3)/a. What is the greatest common divisor of 112 and b?
16
Let x = 1169 - 548. What is the greatest common factor of x and 27?
27
Let u = -11 - -13. Let c(w) = 9 - 6 - w**2 + 4*w**u - 4*w. Let k be c(3). What is the highest common divisor of 3 and k?
3
Let m be ((-5)/(-4))/(13/364). Suppose s + 3*s + 5*y - m = 0, 3*s - 2*y = 9. Calculate the highest common divisor of s and 20.
5
Let j = 16 - -14. Calculate the greatest common factor of j and 45.
15
Suppose 114 = 3*h - h - 4*z, 5*z = -h + 36. Let c = 65 - h. What is the highest common factor of 28 and c?
14
Suppose -p - 9 = -4*p. Suppose 34 = 2*n - 3*n. Let g = 49 + n. What is the greatest common factor of p and g?
3
Let b = 1850 + -1607. Calculate the greatest common factor of b and 63.
9
Let o(b) be the first derivative of -11*b**2/2 - 32*b - 26. Let s be o(-16). Calculate the highest common factor of 32 and s.
16
Suppose -201*t + 191*t = -120. Calculate the greatest common divisor of 123 and t.
3
Suppose -2*q + 11 = -1. Let w(r) = -r + 22. Let x be w(-8). Calculate the highest common divisor of x and q.
6
Let i = 10 + 59. What is the highest common factor of i and 23?
23
Let g = 2 - -14. Let n be (-3)/(-3) - (-1 - 2). Suppose -2*o + n*o = 3*p + 92, o + 5*p - 20 = 0. Calculate the greatest common divisor of g and o.
8
Let b = -83 - -113. Let v be (-3 - 1)/((-20)/b). Calculate the highest common factor of v and 18.
6
Suppose -63*f + 14*f + 784 = 0. Calculate the highest common divisor of 592 and f.
16
Let x = 288 - 196. Let m = x + 4. Calculate the highest common divisor of m and 24.
24
Suppose 142 - 745 = -3*g - l, 3*l = -4*g + 809. What is the greatest common factor of 45 and g?
5
Let m be (-16)/(-88) - 603/(-11). Suppose 45*t - 5*t - 200 = 0. Calculate the highest common divisor of m and t.
5
Suppose 2*d = -3*d. Suppose d = 5*h - 108 - 112. What is the greatest common divisor of h and 4?
4
Let n(l) = 